the remainder when 251 is divided by 127?
124
What is the remainder when 894 is divided by 311?
272
What is the remainder when 13716 is divided by 962?
248
What is the remainder when 16809 is divided by 391?
387
Calculate the remainder when 198044 is divided by 166.
6
Calculate the remainder when 15105 is divided by 15103.
2
What is the remainder when 9571 is divided by 102?
85
What is the remainder when 11071 is divided by 691?
15
What is the remainder when 3482 is divided by 43?
42
Calculate the remainder when 8186 is divided by 524.
326
What is the remainder when 4322 is divided by 972?
434
Calculate the remainder when 5097 is divided by 51.
48
What is the remainder when 12247 is divided by 433?
123
Calculate the remainder when 696 is divided by 80.
56
What is the remainder when 2654 is divided by 46?
32
What is the remainder when 223430 is divided by 223416?
14
What is the remainder when 4461 is divided by 26?
15
Calculate the remainder when 862959 is divided by 20.
19
What is the remainder when 19389 is divided by 198?
183
What is the remainder when 8422 is divided by 147?
43
What is the remainder when 5944 is divided by 192?
184
Calculate the remainder when 9389 is divided by 76.
41
What is the remainder when 1526420 is divided by 104?
12
Calculate the remainder when 33870 is divided by 370.
200
What is the remainder when 9391 is divided by 27?
22
What is the remainder when 5123718 is divided by 2030?
2028
Calculate the remainder when 3876 is divided by 1287.
15
What is the remainder when 5931 is divided by 56?
51
What is the remainder when 7053 is divided by 83?
81
Calculate the remainder when 105384 is divided by 6586.
8
Calculate the remainder when 1041863 is divided by 1041852.
11
Calculate the remainder when 5690 is divided by 658.
426
Calculate the remainder when 12668 is divided by 4205.
53
What is the remainder when 6674 is divided by 106?
102
What is the remainder when 14004 is divided by 13679?
325
What is the remainder when 1094 is divided by 27?
14
Calculate the remainder when 53027 is divided by 663.
650
What is the remainder when 295695 is divided by 100?
95
Calculate the remainder when 35583 is divided by 659.
656
Calculate the remainder when 4408268 is divided by 16.
12
What is the remainder when 1746 is divided by 446?
408
What is the remainder when 44219 is divided by 132?
131
Calculate the remainder when 3438 is divided by 497.
456
Calculate the remainder when 3298 is divided by 1632.
34
Calculate the remainder when 558149 is divided by 366.
365
Calculate the remainder when 3338 is divided by 237.
20
Calculate the remainder when 4502 is divided by 493.
65
Calculate the remainder when 4267 is divided by 1347.
226
What is the remainder when 8262 is divided by 15?
12
What is the remainder when 3236 is divided by 1075?
11
Calculate the remainder when 742 is divided by 167.
74
Calculate the remainder when 1779 is divided by 339.
84
Calculate the remainder when 775 is divided by 603.
172
What is the remainder when 136712 is divided by 27342?
2
What is the remainder when 2145 is divided by 544?
513
What is the remainder when 3844589 is divided by 4?
1
What is the remainder when 1221365 is divided by 811?
810
Calculate the remainder when 3379 is divided by 793.
207
What is the remainder when 56787 is divided by 253?
115
What is the remainder when 1047 is divided by 78?
33
Calculate the remainder when 1594804 is divided by 683.
682
What is the remainder when 20545 is divided by 27?
25
Calculate the remainder when 6135 is divided by 187.
151
Calculate the remainder when 36595 is divided by 132.
31
Calculate the remainder when 3788422 is divided by 145.
7
Calculate the remainder when 105559 is divided by 510.
499
What is the remainder when 9193 is divided by 15?
13
Calculate the remainder when 961 is divided by 216.
97
What is the remainder when 142006 is divided by 28395?
31
What is the remainder when 10589 is divided by 34?
15
What is the remainder when 947 is divided by 6?
5
Calculate the remainder when 624 is divided by 293.
38
What is the remainder when 458177 is divided by 229087?
3
What is the remainder when 19457 is divided by 18994?
463
What is the remainder when 547 is divided by 251?
45
Calculate the remainder when 25927 is divided by 411.
34
Calculate the remainder when 1449 is divided by 429.
162
What is the remainder when 1307 is divided by 110?
97
Calculate the remainder when 8303 is divided by 8.
7
What is the remainder when 136429 is divided by 194?
47
What is the remainder when 293438 is divided by 80?
78
Calculate the remainder when 36177 is divided by 3617.
7
Calculate the remainder when 634642 is divided by 154.
8
Calculate the remainder when 138785 is divided by 26.
23
Calculate the remainder when 1375 is divided by 149.
34
Calculate the remainder when 740 is divided by 349.
42
What is the remainder when 1760 is divided by 1728?
32
Calculate the remainder when 9543 is divided by 2382.
15
What is the remainder when 43697 is divided by 38?
35
Calculate the remainder when 1899 is divided by 1897.
2
Calculate the remainder when 6744 is divided by 396.
12
Calculate the remainder when 1175 is divided by 310.
245
Calculate the remainder when 2346 is divided by 14.
8
What is the remainder when 18550 is divided by 736?
150
Calculate the remainder when 520 is divided by 439.
81
What is the remainder when 108636 is divided by 173?
165
What is the remainder when 259339 is divided by 24?
19
What is the remainder when 12646 is divided by 2107?
4
What is the remainder when 12861 is divided by 8?
5
What is the remainder when 3269 is divided by 451?
112
Calculate the remainder when 6143 is divided by 766.
15
Calculate the remainder when 3837 is divided by 19.
18
What is the remainder when 14380 is divided by 132?
124
What is the remainder when 25032 is divided by 24969?
63
What is the remainder when 251929 is divided by 79?
77
Calculate the remainder when 853 is divided by 26.
21
Calculate the remainder when 8979 is divided by 813.
36
Calculate the remainder when 544 is divided by 184.
176
Calculate the remainder when 18473 is divided by 855.
518
What is the remainder when 29772 is divided by 392?
372
Calculate the remainder when 8991 is divided by 176.
15
What is the remainder when 140781 is divided by 35195?
1
Calculate the remainder when 3729991 is divided by 547.
545
Calculate the remainder when 123443 is divided by 54.
53
What is the remainder when 17141 is divided by 1691?
231
What is the remainder when 24670 is divided by 24661?
9
Calculate the remainder when 8389 is divided by 200.
189
What is the remainder when 81538 is divided by 54?
52
Calculate the remainder when 12873 is divided by 3187.
125
What is the remainder when 679740 is divided by 13?
9
What is the remainder when 2873 is divided by 260?
13
What is the remainder when 17175 is divided by 5640?
255
Calculate the remainder when 55438 is divided by 132.
130
What is the remainder when 1389571 is divided by 390?
1
Calculate the remainder when 544027 is divided by 27.
4
What is the remainder when 1198 is divided by 30?
28
Calculate the remainder when 1017 is divided by 1016.
1
What is the remainder when 45913 is divided by 140?
133
What is the remainder when 82799 is divided by 524?
7
What is the remainder when 122411 is divided by 163?
161
What is the remainder when 3136 is divided by 203?
91
Calculate the remainder when 58967 is divided by 78.
77
What is the remainder when 195532 is divided by 26?
12
What is the remainder when 4333 is divided by 61?
2
Calculate the remainder when 2156 is divided by 716.
8
Calculate the remainder when 4859 is divided by 695.
689
Calculate the remainder when 19981 is divided by 3.
1
Calculate the remainder when 124400 is divided by 173.
13
Calculate the remainder when 2576 is divided by 30.
26
Calculate the remainder when 482382 is divided by 61.
55
Calculate the remainder when 5179077 is divided by 5.
2
What is the remainder when 5769 is divided by 2881?
7
Calculate the remainder when 69227 is divided by 1236.
11
What is the remainder when 147157 is divided by 17?
5
What is the remainder when 13616 is divided by 9?
8
What is the remainder when 7031 is divided by 104?
63
Calculate the remainder when 114834 is divided by 35.